 = -j. What is the highest common divisor of 60 and h?
30
Suppose -2295*o + 2304*o = 10647. What is the greatest common divisor of 7 and o?
7
Let f = 3719 + 662. Calculate the highest common factor of 91 and f.
13
Let x(v) = -3*v**2 - 28*v + 131. Let w(d) = 2*d**2 + 13*d - 66. Let a(z) = -5*w(z) - 3*x(z). Let t be a(6). What is the greatest common factor of t and 35?
5
Let p(g) = -30*g - 25*g**2 - g - 251 - 7*g + 24*g**2. Let c be p(-29). What is the greatest common divisor of 90 and c?
10
Suppose 3*a - a - 16 = 0. Suppose -2 = -w - w. Suppose 2*n - 3*g = -w, 3*n - g = -4*g + 21. Calculate the greatest common divisor of a and n.
4
Let f(b) = 264*b + 3999. Let r be f(-15). Let i(k) = -k**3 + 3*k**2 + 4*k + 1. Let l = 2 - -1. Let y be i(l). Calculate the highest common divisor of y and r.
13
Let i(o) = -5*o**2 - 19*o - 78. Let h be i(-8). Let l = h - -294. What is the greatest common factor of 12 and l?
12
Suppose 7*g - 2068 + 1928 = 0. Let d(w) = 10*w**3 + w - 1. Let q be d(1). Calculate the greatest common factor of g and q.
10
Let o(v) = -4*v - 10*v + 97 - 6*v + 9*v. Let a be o(8). Suppose 0 = -4*l - 0 + 12. What is the greatest common factor of l and a?
3
Suppose 2*v - 41*y + 46*y = 4530, 4 = -2*y. What is the highest common factor of v and 20?
10
Let y(g) = -g**2 - 16*g - 23. Let t be y(-14). Let m be 17/(-1) - (0 + t)/(-5). Let f = m - -56. What is the greatest common divisor of f and 320?
40
Let p(m) = -m - 7. Let b be p(-4). Let i be 60/25*10*(-1)/b. Let u = 150 + -78. What is the highest common factor of u and i?
8
Let i be -24*((735/14)/15 + -5). What is the highest common factor of 1044 and i?
36
Let l(j) = -6*j**2 + 64*j - 60. Let z be l(7). Calculate the highest common factor of z and 1175.
47
Let z = 232 + -228. Suppose -5*g - 5*h + 2*h + 74 = 0, -z*g + 40 = -4*h. What is the greatest common divisor of g and 1?
1
Let p be (-8)/(11/(99/(-18))). Let k = -152 - -164. Calculate the highest common divisor of k and p.
4
Let q be (-1 + 199/3)/(33/3861*13). What is the greatest common divisor of 1225 and q?
49
Let x(c) = 31*c**2 - c + 2. Let i be x(-1). Let f be -7*(-1)/(3/15). Let n be (-2)/7 - (-10720)/f. What is the highest common factor of i and n?
34
Let k(z) = 7*z**2 + 8*z + 34. Let b(t) = -12*t**2 - 9*t - 34. Let u(g) = -3*b(g) - 2*k(g). Let p be u(-4). What is the highest common factor of p and 36?
18
Let o = 101 - 28. Let m(n) = 583*n**2 + 4*n + 5. Let w be m(-1). Calculate the highest common divisor of w and o.
73
Let z be 44/(-7) - -6 - (-528)/(-14). Let p = 66 + z. Let m(d) = 16*d**2 + d. Let j be m(-4). Calculate the greatest common divisor of j and p.
28
Let s be 30/24 - (-10)/(-8). Suppose 4*c = s, -2*l - 864 = -6*l - c. Calculate the highest common factor of l and 81.
27
Let t(d) = -37*d - 440. Let l(b) = 31*b - 355. Let r be l(10). Let s be t(r). Calculate the greatest common divisor of 25 and s.
25
Let o(k) = -k**3 + 11*k**2 - 10*k + 24. Let w be ((-18)/27 - 4/(-3))*15. Let u be o(w). Calculate the greatest common divisor of u and 9.
3
Let x be -3*(3 - (-20)/(-6)) + 34. Let h be (-34)/(-12) + 3/18. Let g = h - -2. What is the greatest common divisor of x and g?
5
Let d be 18*3 - 1 - 1. Suppose -77 + 83 = -k - j, -2*k - 6*j - 52 = 0. What is the highest common divisor of k and d?
4
Suppose -156 = -352*o + 346*o. Suppose 0 = -5*b + 5*z + 3495, -o*b + 3535 = -21*b + 3*z. What is the highest common divisor of 64 and b?
64
Let t(l) = 23*l + 1546. Let w be t(-61). What is the highest common divisor of w and 247?
13
Suppose -2*h - 4*w = -772, 19*w + 1972 = 5*h + 8*w. Calculate the greatest common factor of 338 and h.
26
Suppose -5*z + 48 = 3*u + 10, 3*u - z - 32 = 0. Suppose 4*g = -2*p + 32, 58*p + 2*g = 54*p + 82. Calculate the greatest common divisor of p and u.
11
Let m(u) = u**2 - 41*u - 121. Let l be m(45). What is the greatest common factor of 7552 and l?
59
Suppose -251 = -3*y - j, -4*y + 60*j + 332 = 64*j. Calculate the highest common factor of y and 156.
12
Suppose -3*w + 29 = -5*n, 5*n - 19 = -0*w - 3*w. Suppose 4*l = -5*x - 75, 2*x + 15 = -l - 3*x. Let k = w - l. What is the greatest common factor of 14 and k?
14
Let l = -2452 - -2547. Suppose 0 = 5*c + 3*s - 187, 25 + 92 = 3*c - 3*s. What is the highest common factor of l and c?
19
Let s be 506 + 8 + (-2 - 7). Calculate the greatest common divisor of 5 and s.
5
Let y(f) = 2*f**2 + 102*f - 773. Let k be y(-58). Calculate the greatest common divisor of 377 and k.
13
Let a(g) = -7*g. Let n be a(-6). Let u(f) = f**3 + 21*f**2 - 438*f - 9013. Let y be u(-20). Calculate the greatest common factor of n and y.
21
Let c = -4528 + 7109. What is the greatest common factor of c and 356?
89
Suppose -63*p + 18506 - 3512 = 0. What is the greatest common divisor of p and 136?
34
Let x(d) = -220*d - 1856. Let i be x(-9). Calculate the greatest common divisor of 837 and i.
31
Suppose 1530*p = 1508*p + 4532. What is the greatest common factor of 29458 and p?
206
Suppose 5*k + 5*z - 45 = -0, z = -5*k + 29. Suppose -199*u + 374*u = 191*u - 4880. What is the greatest common divisor of k and u?
5
Suppose -2*x + 2*n + 451 = 51, -5*n = -4*x + 804. Calculate the highest common divisor of x and 4067.
49
Suppose -1 = 5*y - 21. Suppose 81 = 5*o + 3*h - 26, y*o = 2*h + 90. Suppose -2382 = -18*z - 6. What is the greatest common factor of z and o?
22
Let h(b) = -1047*b - 11335. Let k be h(-11). Calculate the highest common divisor of 896 and k.
14
Suppose 52*g - 54*g = 0. Suppose -32*t + 269 + 1011 = g. What is the highest common divisor of 6 and t?
2
Suppose -8*t + 11964 + 6120 = -2*t. Calculate the greatest common factor of t and 66.
22
Let d = -125 - -133. Suppose -29*v + d = -27*v. Suppose 3 = w - x, -x = 4*w - v*x - 17. Calculate the highest common factor of 64 and w.
8
Suppose -33*z + 320 = 7*z. Suppose 0 = 5*c - 1394 + 114. What is the greatest common factor of z and c?
8
Let g = 129 - 154. Let u be -2*(0 + (-61)/2). Let t = g + u. What is the greatest common factor of t and 24?
12
Let w be 7490/(-20)*((-120)/(-105))/(1/(-10)). Calculate the greatest common divisor of w and 50.
10
Let t = 246 + 3640. What is the greatest common factor of 464 and t?
58
Let y = -3457 + 3522. Calculate the greatest common factor of 9685 and y.
65
Let o(w) = -3*w**2 + 67*w - 120. Let q be o(19). What is the highest common factor of q and 1630?
10
Let n = 608 - 358. Suppose -4*i = -14*i + n. Suppose -4*h + 11 = -9. Calculate the highest common factor of i and h.
5
Let d = 13 + -6. Let v(s) = -s + 8. Let u be v(d). Let k = -1323 - -1334. What is the greatest common factor of u and k?
1
Suppose v + 188 = 2*v - 5*o, -5*o = -5*v + 1020. Let k(n) = -3*n**2 - 70*n + 141. Let i be k(-25). What is the highest common factor of i and v?
16
Let z be -36*(-2)/((-4)/(-11)). Let m be 67 + -1 + (2 - -2). Let k = m + -48. What is the greatest common divisor of z and k?
22
Suppose -n + 3459 = 5*z, -5*n = 5*z - 15217 - 2058. Calculate the highest common factor of 2 and n.
2
Let s be ((-2)/3 - (-96)/18)*(-294)/(-49). Suppose 5*g = -17 - 3. Let p = s + g. Calculate the greatest common divisor of p and 4.
4
Let n be (-1 + 397)/(15/(-20)). Let c = -493 - n. What is the greatest common divisor of c and 595?
35
Let k be (-15)/(-3) + (-5)/((-10)/228). Let b = 269 - k. What is the greatest common factor of 45 and b?
15
Suppose -u - 3*t = 85 - 214, 0 = 5*u + 2*t - 710. Let j = -395 + 408. Suppose 2*h - 3 = j. Calculate the highest common divisor of u and h.
8
Let i(l) be the first derivative of 10 + l**2 + 7*l - 2*l**2 + 8*l. Let o be i(3). Calculate the highest common factor of 36 and o.
9
Let y(f) = -30*f - 66. Let i be y(-5). Suppose -i = 310*p - 313*p. Let b be ((-108)/15)/((-1)/35). Calculate the highest common factor of b and p.
28
Let j = -14282 + 14379. Calculate the highest common factor of j and 11.
1
Suppose 4*o = 5*i + 75 - 817, 0 = 5*o + 2*i + 911. Let s = o + 200. Calculate the highest common divisor of s and 34.
17
Let r be (-16)/6*6/(-4)*-1. Let b be r/(-10)*30*(-5)/(-30). Calculate the highest common divisor of 5 and b.
1
Let t(z) = 164*z**2 - 65*z + 321. Let r be t(5). Calculate the greatest common divisor of 32 and r.
32
Let j(b) = -3*b - 1687 + 1687. Let n be j(-3). Suppose 1680 = 14*z - n*z. What is the highest co